{"id":227,"date":"2024-11-01T12:41:08","date_gmt":"2024-11-01T15:41:08","guid":{"rendered":"http:\/\/achavalip.ar\/?page_id=227"},"modified":"2025-06-23T15:43:33","modified_gmt":"2025-06-23T18:43:33","slug":"227-2","status":"publish","type":"page","link":"http:\/\/achavalip.ar\/?page_id=227","title":{"rendered":""},"content":{"rendered":"\n<div class=\"wp-block-media-text is-stacked-on-mobile\" style=\"grid-template-columns:17% auto\"><figure class=\"wp-block-media-text__media\"><img fetchpriority=\"high\" decoding=\"async\" width=\"1018\" height=\"1024\" src=\"http:\/\/achavalip.ar\/wp-content\/uploads\/2025\/06\/Screenshot-2025-06-23-at-3.24.48\u202fPM-1018x1024.png\" alt=\"Camila Hern\u00e1ndez\" class=\"wp-image-445 size-full\" srcset=\"http:\/\/achavalip.ar\/wp-content\/uploads\/2025\/06\/Screenshot-2025-06-23-at-3.24.48\u202fPM-1018x1024.png 1018w, http:\/\/achavalip.ar\/wp-content\/uploads\/2025\/06\/Screenshot-2025-06-23-at-3.24.48\u202fPM-298x300.png 298w, http:\/\/achavalip.ar\/wp-content\/uploads\/2025\/06\/Screenshot-2025-06-23-at-3.24.48\u202fPM-150x150.png 150w, http:\/\/achavalip.ar\/wp-content\/uploads\/2025\/06\/Screenshot-2025-06-23-at-3.24.48\u202fPM-768x772.png 768w, http:\/\/achavalip.ar\/wp-content\/uploads\/2025\/06\/Screenshot-2025-06-23-at-3.24.48\u202fPM.png 1086w\" sizes=\"(max-width: 1018px) 100vw, 1018px\" \/><\/figure><div class=\"wp-block-media-text__content\">\n<div class=\"wp-block-group is-content-justification-left is-nowrap is-layout-flex wp-container-core-group-is-layout-fc9f69e7 wp-block-group-is-layout-flex\">\n<div class=\"wp-block-columns wp-container-content-9cfa9a5a is-layout-flex wp-container-core-columns-is-layout-28f84493 wp-block-columns-is-layout-flex\">\n<div class=\"wp-block-column is-layout-flow wp-block-column-is-layout-flow\" style=\"flex-basis:414%\">\n<p class=\"has-large-font-size\"><strong>Camila Hern\u00e1ndez<\/strong><\/p>\n<\/div>\n\n\n\n<div class=\"wp-block-column is-layout-flow wp-block-column-is-layout-flow\" style=\"flex-basis:33.33%\"><\/div>\n<\/div>\n\n\n\n<figure class=\"wp-block-image size-large is-resized\"><img decoding=\"async\" width=\"1024\" height=\"1024\" src=\"http:\/\/achavalip.ar\/wp-content\/uploads\/2024\/11\/QR-leaMesa-de-trabajo-9-copia-2@4x-8-1024x1024.png\" alt=\"\" class=\"wp-image-228\" style=\"width:94px;height:auto\" srcset=\"http:\/\/achavalip.ar\/wp-content\/uploads\/2024\/11\/QR-leaMesa-de-trabajo-9-copia-2@4x-8-1024x1024.png 1024w, http:\/\/achavalip.ar\/wp-content\/uploads\/2024\/11\/QR-leaMesa-de-trabajo-9-copia-2@4x-8-300x300.png 300w, http:\/\/achavalip.ar\/wp-content\/uploads\/2024\/11\/QR-leaMesa-de-trabajo-9-copia-2@4x-8-150x150.png 150w, http:\/\/achavalip.ar\/wp-content\/uploads\/2024\/11\/QR-leaMesa-de-trabajo-9-copia-2@4x-8-768x768.png 768w, http:\/\/achavalip.ar\/wp-content\/uploads\/2024\/11\/QR-leaMesa-de-trabajo-9-copia-2@4x-8-1536x1536.png 1536w, http:\/\/achavalip.ar\/wp-content\/uploads\/2024\/11\/QR-leaMesa-de-trabajo-9-copia-2@4x-8-2048x2048.png 2048w\" sizes=\"(max-width: 1024px) 100vw, 1024px\" \/><\/figure>\n\n\n\n<p><\/p>\n<\/div>\n\n\n\n<p style=\"margin-top:0%;margin-right:0%;margin-bottom:0%;margin-left:0%\">Abogada<\/p>\n\n\n\n<p class=\"has-text-color has-link-color wp-elements-f6bfe2c462afd3bd93fdc3cbbb3241dc\" style=\"color:#c0c22c\"><a href=\"mailto:chernandez@achavalip.ar\" data-type=\"mailto\" data-id=\"mailto:chernandez@achavalip.ar\">chernandez@achavalip.ar<\/a><\/p>\n\n\n\n<figure class=\"wp-block-image alignleft size-full is-resized\"><a href=\"https:\/\/www.linkedin.com\/in\/camilamhernandez\/\"><img decoding=\"async\" width=\"557\" height=\"217\" src=\"http:\/\/achavalip.ar\/wp-content\/uploads\/2024\/11\/LinkedinMesa-de-trabajo-11@4x-8-1.png\" alt=\"\" class=\"wp-image-195\" style=\"width:85px;height:auto\" srcset=\"http:\/\/achavalip.ar\/wp-content\/uploads\/2024\/11\/LinkedinMesa-de-trabajo-11@4x-8-1.png 557w, http:\/\/achavalip.ar\/wp-content\/uploads\/2024\/11\/LinkedinMesa-de-trabajo-11@4x-8-1-300x117.png 300w\" sizes=\"(max-width: 557px) 100vw, 557px\" \/><\/a><\/figure>\n<\/div><\/div>\n\n\n\n<p class=\"has-small-font-size\">Camila obtuvo su t\u00edtulo de abogada en la <strong>Universidad de Buenos Aires <\/strong>y actualmente estudia para convertirse en <strong>traductora p\u00fablica<\/strong> de ingl\u00e9s en la misma universidad.<\/p>\n\n\n\n<p class=\"has-small-font-size\">Trabaj\u00f3 durante 3 a\u00f1os en el departamento de marcas de un reconocido estudio jur\u00eddico en Argentina y como <strong>especialista en propiedad intelectual<\/strong> en una empresa dedicada a este rubro, dentro del departamento de servicios legales.\u00a0<\/p>\n\n\n\n<p class=\"has-small-font-size\"><strong>Idiomas<\/strong>: espa\u00f1ol, ingl\u00e9s e italiano<\/p>\n\n\n\n<p><\/p>\n\n\n\n<p class=\"has-small-font-size\"><\/p>\n\n\n\n<div style=\"height:100px\" aria-hidden=\"true\" class=\"wp-block-spacer\"><\/div>\n","protected":false},"excerpt":{"rendered":"<p>Camila obtuvo su t\u00edtulo de abogada en la Universidad de Buenos Aires y actualmente estudia para convertirse en traductora p\u00fablica de ingl\u00e9s en la misma universidad. Trabaj\u00f3 durante 3 a\u00f1os en el departamento de marcas de un reconocido estudio jur\u00eddico en Argentina y como especialista en propiedad intelectual en una empresa dedicada a este rubro, [&hellip;]<\/p>\n","protected":false},"author":1,"featured_media":0,"parent":0,"menu_order":0,"comment_status":"closed","ping_status":"closed","template":"","meta":{"footnotes":""},"class_list":["post-227","page","type-page","status-publish","hentry"],"_links":{"self":[{"href":"http:\/\/achavalip.ar\/index.php?rest_route=\/wp\/v2\/pages\/227","targetHints":{"allow":["GET"]}}],"collection":[{"href":"http:\/\/achavalip.ar\/index.php?rest_route=\/wp\/v2\/pages"}],"about":[{"href":"http:\/\/achavalip.ar\/index.php?rest_route=\/wp\/v2\/types\/page"}],"author":[{"embeddable":true,"href":"http:\/\/achavalip.ar\/index.php?rest_route=\/wp\/v2\/users\/1"}],"replies":[{"embeddable":true,"href":"http:\/\/achavalip.ar\/index.php?rest_route=%2Fwp%2Fv2%2Fcomments&post=227"}],"version-history":[{"count":7,"href":"http:\/\/achavalip.ar\/index.php?rest_route=\/wp\/v2\/pages\/227\/revisions"}],"predecessor-version":[{"id":456,"href":"http:\/\/achavalip.ar\/index.php?rest_route=\/wp\/v2\/pages\/227\/revisions\/456"}],"wp:attachment":[{"href":"http:\/\/achavalip.ar\/index.php?rest_route=%2Fwp%2Fv2%2Fmedia&parent=227"}],"curies":[{"name":"wp","href":"https:\/\/api.w.org\/{rel}","templated":true}]}}