{"id":268,"date":"2024-11-01T13:43:51","date_gmt":"2024-11-01T16:43:51","guid":{"rendered":"http:\/\/achavalip.ar\/?page_id=268"},"modified":"2025-06-23T15:41:58","modified_gmt":"2025-06-23T18:41:58","slug":"268-2","status":"publish","type":"page","link":"https:\/\/achavalip.ar\/?page_id=268","title":{"rendered":""},"content":{"rendered":"\n<div class=\"wp-block-group has-global-padding is-layout-constrained wp-block-group-is-layout-constrained\">\n<h2 class=\"wp-block-heading\"><strong>Servicios<\/strong><\/h2>\n<\/div>\n\n\n\n<div class=\"wp-block-group has-global-padding is-layout-constrained wp-block-group-is-layout-constrained\">\n<div class=\"wp-block-columns is-layout-flex wp-container-core-columns-is-layout-28f84493 wp-block-columns-is-layout-flex\">\n<div class=\"wp-block-column is-layout-flow wp-block-column-is-layout-flow\">\n<div class=\"wp-block-buttons is-layout-flex wp-block-buttons-is-layout-flex\">\n<div class=\"wp-block-button has-custom-width wp-block-button__width-100 has-custom-font-size is-style-outline is-style-outline--1\" style=\"font-size:clamp(0.875rem, 0.875rem + ((1vw - 0.2rem) * 0.145), 1rem);\"><a class=\"wp-block-button__link wp-element-button\" href=\"http:\/\/achavalip.ar\/?page_id=262\" style=\"padding-top:8%;padding-right:8%;padding-bottom:8%;padding-left:8%\">PROPIEDAD INTELECTUAL<\/a><\/div>\n<\/div>\n<\/div>\n\n\n\n<div class=\"wp-block-column is-layout-flow wp-block-column-is-layout-flow\">\n<div class=\"wp-block-buttons is-layout-flex wp-block-buttons-is-layout-flex\">\n<div class=\"wp-block-button has-custom-width wp-block-button__width-100 has-custom-font-size is-style-outline is-style-outline--2\" style=\"font-size:clamp(0.875rem, 0.875rem + ((1vw - 0.2rem) * 0.029), 0.9rem);\"><a class=\"wp-block-button__link wp-element-button\" href=\"http:\/\/achavalip.ar\/?page_id=241\" style=\"padding-top:9%;padding-right:9%;padding-bottom:9%;padding-left:9%\">CONTENCIOSO<\/a><\/div>\n<\/div>\n<\/div>\n\n\n\n<div class=\"wp-block-column is-layout-flow wp-block-column-is-layout-flow\">\n<div class=\"wp-block-buttons has-custom-font-size has-medium-font-size is-layout-flex wp-block-buttons-is-layout-flex\">\n<div class=\"wp-block-button has-custom-width wp-block-button__width-100 has-custom-font-size is-style-outline is-style-outline--3\" style=\"font-size:11px\"><a class=\"wp-block-button__link wp-element-button\" href=\"http:\/\/achavalip.ar\/?page_id=259\" style=\"border-width:1px;padding-top:15px;padding-right:15px;padding-bottom:15px;padding-left:15px\">LEALTAD COMERCIAL Y DEFENSA DEL CONSUMIDOR<\/a><\/div>\n<\/div>\n<\/div>\n\n\n\n<div class=\"wp-block-column is-layout-flow wp-block-column-is-layout-flow\">\n<div class=\"wp-block-buttons is-layout-flex wp-block-buttons-is-layout-flex\">\n<div class=\"wp-block-button has-custom-width wp-block-button__width-100 has-custom-font-size is-style-outline is-style-outline--4\" style=\"font-size:clamp(14px, 0.875rem + ((1vw - 3.2px) * 0.217), 17px);\"><a class=\"wp-block-button__link wp-element-button\" href=\"http:\/\/achavalip.ar\/?page_id=257\" style=\"padding-top:15px;padding-right:15px;padding-bottom:15px;padding-left:15px\">NOMBRES DE DOMINIO<\/a><\/div>\n<\/div>\n<\/div>\n\n\n\n<div class=\"wp-block-column is-layout-flow wp-block-column-is-layout-flow\">\n<div class=\"wp-block-buttons is-layout-flex wp-block-buttons-is-layout-flex\">\n<div class=\"wp-block-button has-custom-width wp-block-button__width-100 has-custom-font-size is-style-outline is-style-outline--5\" style=\"font-size:clamp(0.875rem, 0.875rem + ((1vw - 0.2rem) * 0.145), 1rem);\"><a class=\"wp-block-button__link wp-element-button\" href=\"http:\/\/achavalip.ar\/?page_id=268\" style=\"padding-top:8%;padding-right:8%;padding-bottom:8%;padding-left:8%\">DATOS PERSONALES<\/a><\/div>\n<\/div>\n<\/div>\n<\/div>\n<\/div>\n\n\n\n<p class=\"has-medium-font-size\"><strong>Datos Personales<\/strong><\/p>\n\n\n\n<p class=\"has-small-font-size\">El tratamiento de los datos personales, hoy en d\u00eda es un tema muy sensible por ello en Ach\u00e1val IP &amp; Asoc. ofrecemos un servicio integral de asesor\u00eda en protecci\u00f3n de datos personales para que los clientes puedan cumplir con la normativa vigente y gestionar adecuadamente la informaci\u00f3n que reciben. <\/p>\n\n\n\n<p class=\"has-small-font-size\">La implementaci\u00f3n es llevada a cabo de acuerdo con las normas locales y con la adecuaci\u00f3n al Reglamento General de Protecci\u00f3n de Datos Europeo (RGDP), que incluye el asesoramiento en la transferencia internacional de datos. <\/p>\n\n\n\n<p class=\"has-small-font-size\"><strong>Nos ocupamos de:<\/strong><\/p>\n\n\n\n<div class=\"wp-block-group has-white-color has-primary-background-color has-text-color has-background has-link-color wp-elements-1dd01ba755314cf49b165b26f24ea85c has-global-padding is-layout-constrained wp-container-core-group-is-layout-4c5ee718 wp-block-group-is-layout-constrained\" style=\"border-radius:57px;margin-top:5%;margin-bottom:5%;padding-top:6%;padding-right:6%;padding-bottom:6%;padding-left:6%\">\n<ul class=\"wp-block-list\">\n<li class=\"has-small-font-size\"><em>Evaluaci\u00f3n de cumplimientos de la legislaci\u00f3n vigente en materia de datos personales.<\/em><\/li>\n\n\n\n<li class=\"has-small-font-size\"><em>Registrar bases de datos en el Registro Nacional de Base de Datos.<\/em><\/li>\n\n\n\n<li class=\"has-small-font-size\"><em>Redactar e implementar los t\u00e9rminos y condiciones de los sitios web y pol\u00edticas de privacidad y cookies. <\/em><\/li>\n<\/ul>\n<\/div>\n\n\n\n<div style=\"height:100px\" aria-hidden=\"true\" class=\"wp-block-spacer\"><\/div>\n","protected":false},"excerpt":{"rendered":"<p>Servicios Datos Personales El tratamiento de los datos personales, hoy en d\u00eda es un tema muy sensible por ello en Ach\u00e1val IP &amp; Asoc. ofrecemos un servicio integral de asesor\u00eda en protecci\u00f3n de datos personales para que los clientes puedan cumplir con la normativa vigente y gestionar adecuadamente la informaci\u00f3n que reciben. La implementaci\u00f3n es [&hellip;]<\/p>\n","protected":false},"author":1,"featured_media":0,"parent":0,"menu_order":0,"comment_status":"closed","ping_status":"closed","template":"","meta":{"footnotes":""},"class_list":["post-268","page","type-page","status-publish","hentry"],"_links":{"self":[{"href":"https:\/\/achavalip.ar\/index.php?rest_route=\/wp\/v2\/pages\/268","targetHints":{"allow":["GET"]}}],"collection":[{"href":"https:\/\/achavalip.ar\/index.php?rest_route=\/wp\/v2\/pages"}],"about":[{"href":"https:\/\/achavalip.ar\/index.php?rest_route=\/wp\/v2\/types\/page"}],"author":[{"embeddable":true,"href":"https:\/\/achavalip.ar\/index.php?rest_route=\/wp\/v2\/users\/1"}],"replies":[{"embeddable":true,"href":"https:\/\/achavalip.ar\/index.php?rest_route=%2Fwp%2Fv2%2Fcomments&post=268"}],"version-history":[{"count":6,"href":"https:\/\/achavalip.ar\/index.php?rest_route=\/wp\/v2\/pages\/268\/revisions"}],"predecessor-version":[{"id":455,"href":"https:\/\/achavalip.ar\/index.php?rest_route=\/wp\/v2\/pages\/268\/revisions\/455"}],"wp:attachment":[{"href":"https:\/\/achavalip.ar\/index.php?rest_route=%2Fwp%2Fv2%2Fmedia&parent=268"}],"curies":[{"name":"wp","href":"https:\/\/api.w.org\/{rel}","templated":true}]}}